{"id":5,"date":"2021-03-03T16:31:19","date_gmt":"2021-03-03T15:31:19","guid":{"rendered":"https:\/\/blue-design.org\/?page_id=5"},"modified":"2025-06-24T15:57:41","modified_gmt":"2025-06-24T14:57:41","slug":"create-your-website-with-blocks","status":"publish","type":"page","link":"https:\/\/blue-design.org\/","title":{"rendered":"Blue Design"},"content":{"rendered":"\n<p class=\"has-text-align-center has-vivid-cyan-blue-color has-text-color has-large-font-size\">L&rsquo;artisanat issu de la voile<\/p>\n\n\n\n<p><\/p>\n\n\n\n<p class=\"has-text-align-center has-vivid-cyan-blue-color has-text-color has-medium-font-size\"> Bagagerie marine, Mod\u00e8les uniques<br>Cr\u00e9ation sur demande<br>Des produits r\u00e9alis\u00e9s avec des voiles de r\u00e9cup\u00e9ration ou des tissus neufs <\/p>\n\n\n\n<p class=\"has-text-align-center has-vivid-cyan-blue-color has-text-color has-link-color wp-elements-7f5cdd374782250552cdf29d8d169cbf\"><strong>R\u00e9paration de voiles toutes marques<\/strong><\/p>\n\n\n\n<p class=\"has-text-align-center has-vivid-red-color has-text-color has-normal-font-size\"><\/p>\n\n\n\n<p class=\"has-text-align-center has-vivid-red-color has-text-color has-normal-font-size\">Dans  notre nouvelle page \u00a0\u00bb Offre \u00e0 saisir \u00a0\u00bb des annonces ou articles qui pourraient vous int\u00e9ressez<\/p>\n\n\n\n<p><\/p>\n\n\n<div class=\"wp-block-image\">\n<figure class=\"aligncenter size-large is-resized\"><img loading=\"lazy\" decoding=\"async\" width=\"1024\" height=\"386\" src=\"https:\/\/blue-design.org\/wp-content\/uploads\/2021\/03\/vb4-1024x386.jpg\" alt=\"\" class=\"wp-image-69\" style=\"width:768px;height:290px\" srcset=\"https:\/\/blue-design.org\/wp-content\/uploads\/2021\/03\/vb4-1024x386.jpg 1024w, https:\/\/blue-design.org\/wp-content\/uploads\/2021\/03\/vb4-300x113.jpg 300w, https:\/\/blue-design.org\/wp-content\/uploads\/2021\/03\/vb4-768x290.jpg 768w, https:\/\/blue-design.org\/wp-content\/uploads\/2021\/03\/vb4-1536x580.jpg 1536w, https:\/\/blue-design.org\/wp-content\/uploads\/2021\/03\/vb4-2048x773.jpg 2048w\" sizes=\"auto, (max-width: 1024px) 100vw, 1024px\" \/><\/figure>\n<\/div>\n\n\n<div class=\"wp-block-columns is-layout-flex wp-container-core-columns-is-layout-9d6595d7 wp-block-columns-is-layout-flex\">\n<div class=\"wp-block-column is-layout-flow wp-block-column-is-layout-flow\">\n<div class=\"wp-block-columns is-layout-flex wp-container-core-columns-is-layout-9d6595d7 wp-block-columns-is-layout-flex\">\n<div class=\"wp-block-column is-layout-flow wp-block-column-is-layout-flow\"><\/div>\n\n\n\n<div class=\"wp-block-column is-layout-flow wp-block-column-is-layout-flow\"><\/div>\n\n\n\n<div class=\"wp-block-column is-layout-flow wp-block-column-is-layout-flow\"><\/div>\n<\/div>\n<\/div>\n<\/div>\n\n\n\n<p class=\"has-text-align-center has-pale-cyan-blue-background-color has-background has-normal-font-size\"><strong>Mobile: +41 (0) 76 337 80 63         <\/strong><\/p>\n\n\n\n<div class=\"wp-block-buttons is-horizontal is-content-justification-center is-layout-flex wp-container-core-buttons-is-layout-499968f5 wp-block-buttons-is-layout-flex\">\n<div class=\"wp-block-button is-style-outline is-style-outline--1\"><a class=\"wp-block-button__link has-white-color has-vivid-cyan-blue-background-color has-text-color has-background wp-element-button\" href=\"mailto:merinos@bluewin.ch\" style=\"border-radius:50px\">Envoyer un mail<\/a><\/div>\n<\/div>\n\n\n\n<p><\/p>\n\n\n\n<h2 class=\"wp-block-heading\"><\/h2>\n\n\n\n<p><\/p>\n","protected":false},"excerpt":{"rendered":"<p>L&rsquo;artisanat issu de la voile Bagagerie marine, Mod\u00e8les uniquesCr\u00e9ation sur demandeDes produits r\u00e9alis\u00e9s avec des voiles de r\u00e9cup\u00e9ration ou des tissus neufs R\u00e9paration de voiles toutes marques Dans notre nouvelle page \u00a0\u00bb Offre \u00e0 saisir \u00a0\u00bb des annonces ou articles qui pourraient vous int\u00e9ressez Mobile: +41 (0) 76 337 80 63<\/p>\n","protected":false},"author":1,"featured_media":0,"parent":0,"menu_order":0,"comment_status":"closed","ping_status":"closed","template":"","meta":{"footnotes":""},"class_list":["post-5","page","type-page","status-publish","hentry"],"_links":{"self":[{"href":"https:\/\/blue-design.org\/index.php?rest_route=\/wp\/v2\/pages\/5","targetHints":{"allow":["GET"]}}],"collection":[{"href":"https:\/\/blue-design.org\/index.php?rest_route=\/wp\/v2\/pages"}],"about":[{"href":"https:\/\/blue-design.org\/index.php?rest_route=\/wp\/v2\/types\/page"}],"author":[{"embeddable":true,"href":"https:\/\/blue-design.org\/index.php?rest_route=\/wp\/v2\/users\/1"}],"replies":[{"embeddable":true,"href":"https:\/\/blue-design.org\/index.php?rest_route=%2Fwp%2Fv2%2Fcomments&post=5"}],"version-history":[{"count":39,"href":"https:\/\/blue-design.org\/index.php?rest_route=\/wp\/v2\/pages\/5\/revisions"}],"predecessor-version":[{"id":280,"href":"https:\/\/blue-design.org\/index.php?rest_route=\/wp\/v2\/pages\/5\/revisions\/280"}],"wp:attachment":[{"href":"https:\/\/blue-design.org\/index.php?rest_route=%2Fwp%2Fv2%2Fmedia&parent=5"}],"curies":[{"name":"wp","href":"https:\/\/api.w.org\/{rel}","templated":true}]}}