{"id":114,"date":"2021-03-16T15:39:38","date_gmt":"2021-03-16T14:39:38","guid":{"rendered":"https:\/\/blue-design.org\/?page_id=114"},"modified":"2025-06-27T17:11:53","modified_gmt":"2025-06-27T16:11:53","slug":"liens","status":"publish","type":"page","link":"https:\/\/blue-design.org\/?page_id=114","title":{"rendered":"LIENS"},"content":{"rendered":"\n<figure class=\"wp-block-image is-resized\"><a href=\"https:\/\/www.juergkaufmann.com\/\"><img decoding=\"async\" src=\"https:\/\/blue-design.org\/wp-content\/uploads\/2021\/03\/tumblr_fe191f92cea6d67d49b95ef9c8d30dba_906cc792_2048-1024x1024.jpg\" alt=\"L\u2019attribut alt de cette image est vide, son nom de fichier est tumblr_fe191f92cea6d67d49b95ef9c8d30dba_906cc792_2048-1024x1024.jpg.\" style=\"width:90px;height:90px\"\/><\/a><\/figure>\n\n\n\n<p>Par ces temps difficiles \u00e9vadez vous \u00e0 travers les photos de Juerg Kaufmann photographe aux talents reconnus \u00e0 travers le monde<\/p>\n\n\n\n<p>   <a href=\"https:\/\/www.vmsails.ch\/\">VM-Sails suisse<\/a><\/p>\n\n\n\n<p>A louer Hiver 2025-2026 appartement 3 pi\u00e8ces \u00e0 Morgins      <a href=\"https:\/\/www.petitesannonces.ch\/a\/7726544\">https:\/\/www.petitesannonces.ch\/a\/7726544<\/a><\/p>\n\n\n\n<p>Voilier Soto 62 ALBATROS \u00e0 vendre <a href=\"https:\/\/www.cruiser-racer.com\/admin\/pdf\/id\/0000000520\">https:\/\/www.cruiser-racer.com\/admin\/pdf\/id\/0000000520<\/a><\/p>\n\n\n\n<p><\/p>\n\n\n\n<p><\/p>\n","protected":false},"excerpt":{"rendered":"<p>Par ces temps difficiles \u00e9vadez vous \u00e0 travers les photos de Juerg Kaufmann photographe aux talents reconnus \u00e0 travers le monde VM-Sails suisse A louer Hiver 2025-2026 appartement 3 pi\u00e8ces \u00e0 Morgins https:\/\/www.petitesannonces.ch\/a\/7726544 Voilier Soto 62 ALBATROS \u00e0 vendre https:\/\/www.cruiser-racer.com\/admin\/pdf\/id\/0000000520<\/p>\n","protected":false},"author":2,"featured_media":0,"parent":0,"menu_order":0,"comment_status":"closed","ping_status":"closed","template":"","meta":{"footnotes":""},"class_list":["post-114","page","type-page","status-publish","hentry"],"_links":{"self":[{"href":"https:\/\/blue-design.org\/index.php?rest_route=\/wp\/v2\/pages\/114","targetHints":{"allow":["GET"]}}],"collection":[{"href":"https:\/\/blue-design.org\/index.php?rest_route=\/wp\/v2\/pages"}],"about":[{"href":"https:\/\/blue-design.org\/index.php?rest_route=\/wp\/v2\/types\/page"}],"author":[{"embeddable":true,"href":"https:\/\/blue-design.org\/index.php?rest_route=\/wp\/v2\/users\/2"}],"replies":[{"embeddable":true,"href":"https:\/\/blue-design.org\/index.php?rest_route=%2Fwp%2Fv2%2Fcomments&post=114"}],"version-history":[{"count":14,"href":"https:\/\/blue-design.org\/index.php?rest_route=\/wp\/v2\/pages\/114\/revisions"}],"predecessor-version":[{"id":285,"href":"https:\/\/blue-design.org\/index.php?rest_route=\/wp\/v2\/pages\/114\/revisions\/285"}],"wp:attachment":[{"href":"https:\/\/blue-design.org\/index.php?rest_route=%2Fwp%2Fv2%2Fmedia&parent=114"}],"curies":[{"name":"wp","href":"https:\/\/api.w.org\/{rel}","templated":true}]}}